{"id":748,"date":"2017-10-16T11:11:27","date_gmt":"2017-10-16T09:11:27","guid":{"rendered":"http:\/\/hexabio-retail.fr\/?page_id=748"},"modified":"2024-10-24T16:05:29","modified_gmt":"2024-10-24T14:05:29","slug":"attelles-pied-cheville","status":"publish","type":"page","link":"http:\/\/hexabio-retail.fr\/index.php\/attelles-pied-cheville\/","title":{"rendered":"Attelle pied &#8211; cheville HEXOR\u00ae"},"content":{"rendered":"<p>Cette gamme d&rsquo;attelles permet de r\u00e9pondre aux besoins pathologiques d&rsquo;immobilisation post-traumatique ou post-op\u00e9ratoire des articulations de l&rsquo;ensemble pied-cheville.<\/p>\n<p>Nos attelles sont \u00e0 l&rsquo;usage d&rsquo;un seul patient.<\/p>\n","protected":false},"excerpt":{"rendered":"<p>Cette gamme d&rsquo;attelles permet de r\u00e9pondre aux besoins pathologiques d&rsquo;immobilisation post-traumatique ou post-op\u00e9ratoire des articulations de l&rsquo;ensemble pied-cheville. Nos attelles sont \u00e0 l&rsquo;usage d&rsquo;un seul patient.<\/p>\n","protected":false},"author":1,"featured_media":0,"parent":0,"menu_order":0,"comment_status":"closed","ping_status":"closed","template":"","meta":{"om_disable_all_campaigns":false,"_monsterinsights_skip_tracking":false,"_monsterinsights_sitenote_active":false,"_monsterinsights_sitenote_note":"","_monsterinsights_sitenote_category":0,"ngg_post_thumbnail":0,"footnotes":""},"class_list":["post-748","page","type-page","status-publish","hentry"],"aioseo_notices":[],"_links":{"self":[{"href":"http:\/\/hexabio-retail.fr\/index.php\/wp-json\/wp\/v2\/pages\/748","targetHints":{"allow":["GET"]}}],"collection":[{"href":"http:\/\/hexabio-retail.fr\/index.php\/wp-json\/wp\/v2\/pages"}],"about":[{"href":"http:\/\/hexabio-retail.fr\/index.php\/wp-json\/wp\/v2\/types\/page"}],"author":[{"embeddable":true,"href":"http:\/\/hexabio-retail.fr\/index.php\/wp-json\/wp\/v2\/users\/1"}],"replies":[{"embeddable":true,"href":"http:\/\/hexabio-retail.fr\/index.php\/wp-json\/wp\/v2\/comments?post=748"}],"version-history":[{"count":9,"href":"http:\/\/hexabio-retail.fr\/index.php\/wp-json\/wp\/v2\/pages\/748\/revisions"}],"predecessor-version":[{"id":2018,"href":"http:\/\/hexabio-retail.fr\/index.php\/wp-json\/wp\/v2\/pages\/748\/revisions\/2018"}],"wp:attachment":[{"href":"http:\/\/hexabio-retail.fr\/index.php\/wp-json\/wp\/v2\/media?parent=748"}],"curies":[{"name":"wp","href":"https:\/\/api.w.org\/{rel}","templated":true}]}}